{"id":61,"date":"2019-08-20T13:54:40","date_gmt":"2019-08-20T11:54:40","guid":{"rendered":"https:\/\/ferienhaus-juna.de\/?page_id=61"},"modified":"2019-08-29T13:26:45","modified_gmt":"2019-08-29T11:26:45","slug":"das-haus","status":"publish","type":"page","link":"https:\/\/ferienhaus-juna.de\/?page_id=61","title":{"rendered":"Das Haus"},"content":{"rendered":"\n<p>Das Haus steht in einem kleinen Dorf Drezno in Polen,  ca. 25 km n\u00f6rdlich von Szczecinek (Neustettin) und ca. 200km von der deutschen Grenze zu Stettin. Umgeben von W\u00e4ldern und Seen, idyllisch an einem kleinem Bach gelegen bietet es Ihnen Ruhe und Entspannung. Gleichzeitig haben Sie ein fast 1ha. gro\u00dfes Grundst\u00fcck f\u00fcr sich zur Verf\u00fcgung.<\/p>\n\n\n\n<p>Im Haus steht Ihnen das gesamte Erdgescho\u00df mit Terrasse zur Verf\u00fcgung (Das Obergescho\u00df &#8211; mit separatem Eingang &#8211; wird zeitweise bewohnt. Zu den Zeiten k\u00f6nnen wir Ihnen unverbindlich und nach Absprache Hilfe beim Einkaufen oder Kinderbetreuung anbieten). Auf ca. 100 Quadratmetern liegen 2 Schlafzimmer, Diele, Flur, voll ausgestattete K\u00fcche und gro\u00dfes Wohn-Esszimmer mit Kamin.<br> Die Schlafzimmer sind mit je einem Doppelbett und einer bequemen ausziehbaren Sitzecke bzw. Sitzcouch und Schr\u00e4nken ausgestattet, so dass es in jedem Zimmer  vier vollwertige Schlaffm\u00f6glichkeiten gibt. Auf Wunsch stellen wir Ihnen ein Kleinkinderbett bzw. ein Beistellbett zur Verf\u00fcgung. <\/p>\n\n\n\n<p>Wir stellen Ihnen Bettkissen und Bettdecken zur Verf\u00fcgung, sie m\u00fcssen nur f\u00fcr eigene Bettw\u00e4sche und Handt\u00fccher sorgen. <\/p>\n\n\n\n<p>In der modern ausgestatteten K\u00fcche finden sie Alles was sie brauchen. Zu den Ger\u00e4tschaften geh\u00f6ren neben dem gro\u00dfen K\u00fchl-Gefrier-Schrank und einer vierstelligen Gasherdplatte auch eine Mikrowelle, ein E-Herd und eine Geschirrsp\u00fclmaschine dazu. <\/p>\n\n\n\n<p> Das funktionelle  Bad ist mit einer Dusche, einem WC und zwei Waschbecken ausgestattet.  In der Garage steht eine Waschmaschine und ein Kondenstrockner zu Ihrer Verf\u00fcgung.<\/p>\n\n\n\nngg_shortcode_0_placeholder\n","protected":false},"excerpt":{"rendered":"<p>Das Haus steht in einem kleinen Dorf Drezno in Polen, ca. 25 km n\u00f6rdlich von Szczecinek (Neustettin) und ca. 200km von der deutschen Grenze zu Stettin. Umgeben von W\u00e4ldern und Seen, idyllisch an einem kleinem Bach gelegen bietet es Ihnen Ruhe und Entspannung. Gleichzeitig haben Sie ein fast 1ha. gro\u00dfes Grundst\u00fcck f\u00fcr sich zur Verf\u00fcgung. [&hellip;]<\/p>\n","protected":false},"author":1,"featured_media":48,"parent":0,"menu_order":0,"comment_status":"closed","ping_status":"closed","template":"","meta":{"ngg_post_thumbnail":0,"footnotes":""},"class_list":["post-61","page","type-page","status-publish","has-post-thumbnail","hentry"],"_links":{"self":[{"href":"https:\/\/ferienhaus-juna.de\/index.php?rest_route=\/wp\/v2\/pages\/61","targetHints":{"allow":["GET"]}}],"collection":[{"href":"https:\/\/ferienhaus-juna.de\/index.php?rest_route=\/wp\/v2\/pages"}],"about":[{"href":"https:\/\/ferienhaus-juna.de\/index.php?rest_route=\/wp\/v2\/types\/page"}],"author":[{"embeddable":true,"href":"https:\/\/ferienhaus-juna.de\/index.php?rest_route=\/wp\/v2\/users\/1"}],"replies":[{"embeddable":true,"href":"https:\/\/ferienhaus-juna.de\/index.php?rest_route=%2Fwp%2Fv2%2Fcomments&post=61"}],"version-history":[{"count":4,"href":"https:\/\/ferienhaus-juna.de\/index.php?rest_route=\/wp\/v2\/pages\/61\/revisions"}],"predecessor-version":[{"id":143,"href":"https:\/\/ferienhaus-juna.de\/index.php?rest_route=\/wp\/v2\/pages\/61\/revisions\/143"}],"wp:featuredmedia":[{"embeddable":true,"href":"https:\/\/ferienhaus-juna.de\/index.php?rest_route=\/wp\/v2\/media\/48"}],"wp:attachment":[{"href":"https:\/\/ferienhaus-juna.de\/index.php?rest_route=%2Fwp%2Fv2%2Fmedia&parent=61"}],"curies":[{"name":"wp","href":"https:\/\/api.w.org\/{rel}","templated":true}]}}